{"id":424,"date":"2022-09-07T07:00:34","date_gmt":"2022-09-07T07:00:34","guid":{"rendered":"https:\/\/holeckr19.sps-prosek.cz\/?page_id=424"},"modified":"2023-07-17T17:13:29","modified_gmt":"2023-07-17T17:13:29","slug":"chata-u-smrku","status":"publish","type":"page","link":"https:\/\/harrachov.ubytkoholecek.eu\/","title":{"rendered":"Chata u Smrku"},"content":{"rendered":"\t\t<div data-elementor-type=\"wp-page\" data-elementor-id=\"424\" class=\"elementor elementor-424\">\n\t\t\t\t\t\t\t<div class=\"elementor-element elementor-element-8e41fab e-container--column e-container\" data-id=\"8e41fab\" data-element_type=\"container\">\t\t\t\t<div class=\"elementor-element elementor-element-d14aa74 elementor-widget elementor-widget-heading\" data-id=\"d14aa74\" data-element_type=\"widget\" data-widget_type=\"heading.default\">\n\t\t\t\t<div class=\"elementor-widget-container\">\n\t\t\t<style>\/*! elementor - v3.7.4 - 31-08-2022 *\/\n.elementor-heading-title{padding:0;margin:0;line-height:1}.elementor-widget-heading .elementor-heading-title[class*=elementor-size-]>a{color:inherit;font-size:inherit;line-height:inherit}.elementor-widget-heading .elementor-heading-title.elementor-size-small{font-size:15px}.elementor-widget-heading .elementor-heading-title.elementor-size-medium{font-size:19px}.elementor-widget-heading .elementor-heading-title.elementor-size-large{font-size:29px}.elementor-widget-heading .elementor-heading-title.elementor-size-xl{font-size:39px}.elementor-widget-heading .elementor-heading-title.elementor-size-xxl{font-size:59px}<\/style><h1 class=\"elementor-heading-title elementor-size-default\">Chata u Smrku<\/h1>\t\t<\/div>\n\t\t\t\t<\/div>\n\t\t<\/div><div class=\"elementor-element elementor-element-0857c0e e-container--column e-container\" data-id=\"0857c0e\" data-element_type=\"container\">\t\t\t\t<div class=\"elementor-element elementor-element-d6b8a1c elementor-widget elementor-widget-heading\" data-id=\"d6b8a1c\" data-element_type=\"widget\" data-widget_type=\"heading.default\">\n\t\t\t\t<div class=\"elementor-widget-container\">\n\t\t\t<h3 class=\"elementor-heading-title elementor-size-default\">P\u00e1r slov o n\u00e1s<\/h3>\t\t<\/div>\n\t\t\t\t<\/div>\n\t\t<\/div><div class=\"elementor-element elementor-element-9875cbf e-container--row e-container\" data-id=\"9875cbf\" data-element_type=\"container\">\t\t<div class=\"elementor-element elementor-element-e6e8e93 e-container--column e-container\" data-id=\"e6e8e93\" data-element_type=\"container\">\t\t\t\t<div class=\"elementor-element elementor-element-b850db4 elementor-widget elementor-widget-text-editor\" data-id=\"b850db4\" data-element_type=\"widget\" data-widget_type=\"text-editor.default\">\n\t\t\t\t<div class=\"elementor-widget-container\">\n\t\t\t<style>\/*! elementor - v3.7.4 - 31-08-2022 *\/\n.elementor-widget-text-editor.elementor-drop-cap-view-stacked .elementor-drop-cap{background-color:#818a91;color:#fff}.elementor-widget-text-editor.elementor-drop-cap-view-framed .elementor-drop-cap{color:#818a91;border:3px solid;background-color:transparent}.elementor-widget-text-editor:not(.elementor-drop-cap-view-default) .elementor-drop-cap{margin-top:8px}.elementor-widget-text-editor:not(.elementor-drop-cap-view-default) .elementor-drop-cap-letter{width:1em;height:1em}.elementor-widget-text-editor .elementor-drop-cap{float:left;text-align:center;line-height:1;font-size:50px}.elementor-widget-text-editor .elementor-drop-cap-letter{display:inline-block}<\/style>\t\t\t\t<p>R\u00e1di bychom V\u00e1m nab\u00eddli ubytov\u00e1n\u00ed v klidn\u00e9 \u010d\u00e1sti Harrachova, v Anensk\u00e9m \u00fadol\u00ed. Harrachov je ide\u00e1ln\u00edm m\u00edstem jak pro aktivn\u00ed dovolenou, tak pro odpo\u010dinek. Na sv\u00e9 si p\u0159ijdou vyznava\u010di zimn\u00edch i letn\u00edch sport\u016f, milovn\u00edci malebn\u00e9 p\u0159\u00edrody i rodiny s d\u011btmi.<\/p><p>Na\u0161e chata je vhodn\u00e1 k ubytov\u00e1n\u00ed v\u011bt\u0161\u00edch skupin, na rodinn\u00e9 oslavy i pro jednotlivce. Chata sv\u00fdm uspo\u0159\u00e1d\u00e1n\u00edm nab\u00edz\u00ed soukrom\u00ed i mo\u017enost z\u00e1bavy ve spole\u010dn\u00fdch prostor\u00e1ch. V\u00edt\u00e1me teenagery, seniory, rodiny s d\u011btmi, jednotlivce, skupiny a po dohod\u011b i v\u0161echny Va\u0161e zv\u00ed\u0159ec\u00ed mazl\u00ed\u010dky.<\/p>\t\t\t\t\t\t<\/div>\n\t\t\t\t<\/div>\n\t\t<\/div><div class=\"elementor-element elementor-element-3f51108 e-container--column e-container\" data-id=\"3f51108\" data-element_type=\"container\">\t\t\t\t<div class=\"elementor-element elementor-element-cdedc02 e-transform e-transform elementor-widget elementor-widget-image\" data-id=\"cdedc02\" data-element_type=\"widget\" data-settings=\"{&quot;_transform_translateY_effect&quot;:{&quot;unit&quot;:&quot;px&quot;,&quot;size&quot;:40,&quot;sizes&quot;:[]},&quot;_transform_scale_effect&quot;:{&quot;unit&quot;:&quot;px&quot;,&quot;size&quot;:1,&quot;sizes&quot;:[]},&quot;_transform_translateX_effect&quot;:{&quot;unit&quot;:&quot;px&quot;,&quot;size&quot;:&quot;&quot;,&quot;sizes&quot;:[]},&quot;_transform_translateX_effect_tablet&quot;:{&quot;unit&quot;:&quot;px&quot;,&quot;size&quot;:&quot;&quot;,&quot;sizes&quot;:[]},&quot;_transform_translateX_effect_mobile&quot;:{&quot;unit&quot;:&quot;px&quot;,&quot;size&quot;:&quot;&quot;,&quot;sizes&quot;:[]},&quot;_transform_translateY_effect_tablet&quot;:{&quot;unit&quot;:&quot;px&quot;,&quot;size&quot;:&quot;&quot;,&quot;sizes&quot;:[]},&quot;_transform_translateY_effect_mobile&quot;:{&quot;unit&quot;:&quot;px&quot;,&quot;size&quot;:&quot;&quot;,&quot;sizes&quot;:[]},&quot;_transform_scale_effect_tablet&quot;:{&quot;unit&quot;:&quot;px&quot;,&quot;size&quot;:&quot;&quot;,&quot;sizes&quot;:[]},&quot;_transform_scale_effect_mobile&quot;:{&quot;unit&quot;:&quot;px&quot;,&quot;size&quot;:&quot;&quot;,&quot;sizes&quot;:[]}}\" data-widget_type=\"image.default\">\n\t\t\t\t<div class=\"elementor-widget-container\">\n\t\t\t<style>\/*! elementor - v3.7.4 - 31-08-2022 *\/\n.elementor-widget-image{text-align:center}.elementor-widget-image a{display:inline-block}.elementor-widget-image a img[src$=\".svg\"]{width:48px}.elementor-widget-image img{vertical-align:middle;display:inline-block}<\/style>\t\t\t\t\t\t\t\t\t\t\t\t\t<a href=\"https:\/\/holeckr19.sps-prosek.cz\/wp-content\/uploads\/2022\/09\/chata2-scaled.jpg\" data-elementor-open-lightbox=\"yes\" e-action-hash=\"#elementor-action%3Aaction%3Dlightbox%26settings%3DeyJpZCI6NDQzLCJ1cmwiOiJodHRwczpcL1wvaGFycmFjaG92LnVieXRrb2hvbGVjZWsuZXVcL3dwLWNvbnRlbnRcL3VwbG9hZHNcLzIwMjJcLzA5XC9jaGF0YTItc2NhbGVkLmpwZyJ9\">\n\t\t\t\t\t\t\t<img loading=\"lazy\" decoding=\"async\" width=\"2048\" height=\"1127\" src=\"https:\/\/harrachov.ubytkoholecek.eu\/wp-content\/uploads\/2022\/09\/chata2-2048x1127.jpg\" class=\"elementor-animation-grow attachment-2048x2048 size-2048x2048\" alt=\"\" srcset=\"https:\/\/harrachov.ubytkoholecek.eu\/wp-content\/uploads\/2022\/09\/chata2-2048x1127.jpg 2048w, https:\/\/harrachov.ubytkoholecek.eu\/wp-content\/uploads\/2022\/09\/chata2-300x165.jpg 300w, https:\/\/harrachov.ubytkoholecek.eu\/wp-content\/uploads\/2022\/09\/chata2-75x41.jpg 75w, https:\/\/harrachov.ubytkoholecek.eu\/wp-content\/uploads\/2022\/09\/chata2-768x423.jpg 768w, https:\/\/harrachov.ubytkoholecek.eu\/wp-content\/uploads\/2022\/09\/chata2-1536x845.jpg 1536w, https:\/\/harrachov.ubytkoholecek.eu\/wp-content\/uploads\/2022\/09\/chata2-892x491.jpg 892w, https:\/\/harrachov.ubytkoholecek.eu\/wp-content\/uploads\/2022\/09\/chata2-64x35.jpg 64w, https:\/\/harrachov.ubytkoholecek.eu\/wp-content\/uploads\/2022\/09\/chata2-18x10.jpg 18w, https:\/\/harrachov.ubytkoholecek.eu\/wp-content\/uploads\/2022\/09\/chata2-13x7.jpg 13w\" sizes=\"auto, (max-width: 2048px) 100vw, 2048px\" \/>\t\t\t\t\t\t\t\t<\/a>\n\t\t\t\t\t\t\t\t\t\t\t\t\t\t\t<\/div>\n\t\t\t\t<\/div>\n\t\t<\/div><\/div><div class=\"elementor-element elementor-element-25d34ec e-container--column e-container\" data-id=\"25d34ec\" data-element_type=\"container\">\t\t\t\t<div class=\"elementor-element elementor-element-8e7ae00 elementor-widget elementor-widget-text-editor\" data-id=\"8e7ae00\" data-element_type=\"widget\" data-widget_type=\"text-editor.default\">\n\t\t\t\t<div class=\"elementor-widget-container\">\n\t\t\t\t\t\t\t<p>Chata je um\u00edst\u011bna strategicky nedaleko ly\u017ea\u0159sk\u00e9ho st\u0159ediska Harrachov (cca 15 min p\u011b\u0161ky) a ihned na okraji b\u011b\u017eka\u0159sk\u00fdch trat\u00ed. V okol\u00ed se d\u00e1le nach\u00e1z\u00ed cyklostezky, d\u011btsk\u00e1 h\u0159i\u0161t\u011b, workoutov\u00e9 a golfov\u00e9 h\u0159i\u0161t\u011b, bobov\u00e1 dr\u00e1ha, lanov\u00e9 centrum, lezeck\u00e1 st\u011bna, p\u016fj\u010dovna kol, \u010dty\u0159kolek, elektrokol a mnoho hotel\u016f poskytuj\u00edc\u00edch wellnes slu\u017eby. Za zm\u00ednku stoj\u00ed pivn\u00ed l\u00e1zn\u011b, v\u00ed\u0159ivky a nespo\u010det p\u0159\u00edjemn\u00fdch restaurac\u00ed a bar\u016f.<\/p>\t\t\t\t\t\t<\/div>\n\t\t\t\t<\/div>\n\t\t<\/div><div class=\"elementor-element elementor-element-fedec7c e-container--column e-container\" data-id=\"fedec7c\" data-element_type=\"container\">\t\t\t\t<div class=\"elementor-element elementor-element-cbe4448 elementor-widget elementor-widget-html\" data-id=\"cbe4448\" data-element_type=\"widget\" data-widget_type=\"html.default\">\n\t\t\t\t<div class=\"elementor-widget-container\">\n\t\t\t<div class=\"jumbotron\"><p id=\"fontWeight\">Na\u0161\u00edm c\u00edlem je p\u0159iv\u00edtat V\u00e1s v p\u0159\u00edjemn\u00e9m, \u010dist\u00e9m prost\u0159ed\u00ed a poskytnout V\u00e1m z\u00e1zem\u00ed pro dovolenou podle Va\u0161ich p\u0159edstav.<\/p><\/div>\t\t<\/div>\n\t\t\t\t<\/div>\n\t\t<\/div>\t\t\t\t\t<\/div>\n\t\t","protected":false},"excerpt":{"rendered":"<p>Chata u Smrku P\u00e1r slov o n\u00e1s R\u00e1di bychom V\u00e1m nab\u00eddli ubytov\u00e1n\u00ed v klidn\u00e9 \u010d\u00e1sti Harrachova, v Anensk\u00e9m \u00fadol\u00ed. Harrachov je ide\u00e1ln\u00edm m\u00edstem jak pro aktivn\u00ed dovolenou, tak pro odpo\u010dinek. Na sv\u00e9 si p\u0159ijdou vyznava\u010di zimn\u00edch i letn\u00edch sport\u016f, milovn\u00edci malebn\u00e9 p\u0159\u00edrody i rodiny s d\u011btmi. Na\u0161e chata je vhodn\u00e1 k ubytov\u00e1n\u00ed v\u011bt\u0161\u00edch skupin, na [&hellip;]<\/p>\n","protected":false},"author":1,"featured_media":418,"parent":0,"menu_order":0,"comment_status":"closed","ping_status":"closed","template":"","meta":{"_monsterinsights_skip_tracking":false,"_monsterinsights_sitenote_active":false,"_monsterinsights_sitenote_note":"","_monsterinsights_sitenote_category":0,"footnotes":""},"class_list":["post-424","page","type-page","status-publish","has-post-thumbnail","hentry"],"yoast_head":"<!-- This site is optimized with the Yoast SEO plugin v15.8 - https:\/\/yoast.com\/wordpress\/plugins\/seo\/ -->\n<title>Chata u Smrku - Chata u Smrku<\/title>\n<meta name=\"robots\" content=\"noindex, follow, max-snippet:-1, max-image-preview:large, max-video-preview:-1\" \/>\n<meta property=\"og:locale\" content=\"cs_CZ\" \/>\n<meta property=\"og:type\" content=\"article\" \/>\n<meta property=\"og:title\" content=\"Chata u Smrku - Chata u Smrku\" \/>\n<meta property=\"og:description\" content=\"Chata u Smrku P\u00e1r slov o n\u00e1s R\u00e1di bychom V\u00e1m nab\u00eddli ubytov\u00e1n\u00ed v klidn\u00e9 \u010d\u00e1sti Harrachova, v Anensk\u00e9m \u00fadol\u00ed. Harrachov je ide\u00e1ln\u00edm m\u00edstem jak pro aktivn\u00ed dovolenou, tak pro odpo\u010dinek. Na sv\u00e9 si p\u0159ijdou vyznava\u010di zimn\u00edch i letn\u00edch sport\u016f, milovn\u00edci malebn\u00e9 p\u0159\u00edrody i rodiny s d\u011btmi. Na\u0161e chata je vhodn\u00e1 k ubytov\u00e1n\u00ed v\u011bt\u0161\u00edch skupin, na [&hellip;]\" \/>\n<meta property=\"og:url\" content=\"https:\/\/harrachov.ubytkoholecek.eu\/\" \/>\n<meta property=\"og:site_name\" content=\"Chata u Smrku\" \/>\n<meta property=\"article:modified_time\" content=\"2023-07-17T17:13:29+00:00\" \/>\n<meta property=\"og:image\" content=\"https:\/\/harrachov.ubytkoholecek.eu\/wp-content\/uploads\/2022\/09\/cropped-chata-1-2-300x141.png\" \/>\n\t<meta property=\"og:image:width\" content=\"300\" \/>\n\t<meta property=\"og:image:height\" content=\"141\" \/>\n<meta name=\"twitter:card\" content=\"summary_large_image\" \/>\n<meta name=\"twitter:label1\" content=\"Odhadovan\u00e1 doba \u010dten\u00ed\">\n\t<meta name=\"twitter:data1\" content=\"1 minuta\">\n<script type=\"application\/ld+json\" class=\"yoast-schema-graph\">{\"@context\":\"https:\/\/schema.org\",\"@graph\":[{\"@type\":\"WebSite\",\"@id\":\"https:\/\/harrachov.ubytkoholecek.eu\/#website\",\"url\":\"https:\/\/harrachov.ubytkoholecek.eu\/\",\"name\":\"Chata u Smrku\",\"description\":\"Ubytov\\u00e1n\\u00ed v Harrachov\\u011b, chata u Smrku, Ly\\u017ea\\u0159sk\\u00e9 st\\u0159edisko, ubytov\\u00e1n\\u00ed v hor\\u00e1ch, levn\\u00fd pobyt, \",\"potentialAction\":[{\"@type\":\"SearchAction\",\"target\":\"https:\/\/harrachov.ubytkoholecek.eu\/?s={search_term_string}\",\"query-input\":\"required name=search_term_string\"}],\"inLanguage\":\"cs\"},{\"@type\":\"ImageObject\",\"@id\":\"https:\/\/harrachov.ubytkoholecek.eu\/#primaryimage\",\"inLanguage\":\"cs\",\"url\":\"https:\/\/harrachov.ubytkoholecek.eu\/wp-content\/uploads\/2022\/09\/cropped-chata-1-2.png\",\"width\":2560,\"height\":1200},{\"@type\":\"WebPage\",\"@id\":\"https:\/\/harrachov.ubytkoholecek.eu\/#webpage\",\"url\":\"https:\/\/harrachov.ubytkoholecek.eu\/\",\"name\":\"Chata u Smrku - Chata u Smrku\",\"isPartOf\":{\"@id\":\"https:\/\/harrachov.ubytkoholecek.eu\/#website\"},\"primaryImageOfPage\":{\"@id\":\"https:\/\/harrachov.ubytkoholecek.eu\/#primaryimage\"},\"datePublished\":\"2022-09-07T07:00:34+00:00\",\"dateModified\":\"2023-07-17T17:13:29+00:00\",\"breadcrumb\":{\"@id\":\"https:\/\/harrachov.ubytkoholecek.eu\/#breadcrumb\"},\"inLanguage\":\"cs\",\"potentialAction\":[{\"@type\":\"ReadAction\",\"target\":[\"https:\/\/harrachov.ubytkoholecek.eu\/\"]}]},{\"@type\":\"BreadcrumbList\",\"@id\":\"https:\/\/harrachov.ubytkoholecek.eu\/#breadcrumb\",\"itemListElement\":[{\"@type\":\"ListItem\",\"position\":1,\"item\":{\"@type\":\"WebPage\",\"@id\":\"https:\/\/harrachov.ubytkoholecek.eu\/\",\"url\":\"https:\/\/harrachov.ubytkoholecek.eu\/\",\"name\":\"Dom\\u016f\"}},{\"@type\":\"ListItem\",\"position\":2,\"item\":{\"@type\":\"WebPage\",\"@id\":\"https:\/\/harrachov.ubytkoholecek.eu\/\",\"url\":\"https:\/\/harrachov.ubytkoholecek.eu\/\",\"name\":\"Chata u Smrku\"}}]}]}<\/script>\n<!-- \/ Yoast SEO plugin. -->","_links":{"self":[{"href":"https:\/\/harrachov.ubytkoholecek.eu\/index.php?rest_route=\/wp\/v2\/pages\/424","targetHints":{"allow":["GET"]}}],"collection":[{"href":"https:\/\/harrachov.ubytkoholecek.eu\/index.php?rest_route=\/wp\/v2\/pages"}],"about":[{"href":"https:\/\/harrachov.ubytkoholecek.eu\/index.php?rest_route=\/wp\/v2\/types\/page"}],"author":[{"embeddable":true,"href":"https:\/\/harrachov.ubytkoholecek.eu\/index.php?rest_route=\/wp\/v2\/users\/1"}],"replies":[{"embeddable":true,"href":"https:\/\/harrachov.ubytkoholecek.eu\/index.php?rest_route=%2Fwp%2Fv2%2Fcomments&post=424"}],"version-history":[{"count":100,"href":"https:\/\/harrachov.ubytkoholecek.eu\/index.php?rest_route=\/wp\/v2\/pages\/424\/revisions"}],"predecessor-version":[{"id":1215,"href":"https:\/\/harrachov.ubytkoholecek.eu\/index.php?rest_route=\/wp\/v2\/pages\/424\/revisions\/1215"}],"wp:featuredmedia":[{"embeddable":true,"href":"https:\/\/harrachov.ubytkoholecek.eu\/index.php?rest_route=\/wp\/v2\/media\/418"}],"wp:attachment":[{"href":"https:\/\/harrachov.ubytkoholecek.eu\/index.php?rest_route=%2Fwp%2Fv2%2Fmedia&parent=424"}],"curies":[{"name":"wp","href":"https:\/\/api.w.org\/{rel}","templated":true}]}}