{"id":323,"date":"2022-09-05T07:46:40","date_gmt":"2022-09-05T07:46:40","guid":{"rendered":"https:\/\/holeckr19.sps-prosek.cz\/?page_id=323"},"modified":"2025-09-19T12:09:35","modified_gmt":"2025-09-19T12:09:35","slug":"cenik","status":"publish","type":"page","link":"https:\/\/harrachov.ubytkoholecek.eu\/?page_id=323","title":{"rendered":"Cen\u00edk"},"content":{"rendered":"\t\t<div data-elementor-type=\"wp-page\" data-elementor-id=\"323\" class=\"elementor elementor-323\">\n\t\t\t\t\t\t\t<div class=\"elementor-element elementor-element-4c42c1e e-container--column e-container\" data-id=\"4c42c1e\" data-element_type=\"container\">\t\t\t\t<div class=\"elementor-element elementor-element-d66a07b elementor-widget elementor-widget-heading\" data-id=\"d66a07b\" data-element_type=\"widget\" data-widget_type=\"heading.default\">\n\t\t\t\t<div class=\"elementor-widget-container\">\n\t\t\t<style>\/*! elementor - v3.7.4 - 31-08-2022 *\/\n.elementor-heading-title{padding:0;margin:0;line-height:1}.elementor-widget-heading .elementor-heading-title[class*=elementor-size-]>a{color:inherit;font-size:inherit;line-height:inherit}.elementor-widget-heading .elementor-heading-title.elementor-size-small{font-size:15px}.elementor-widget-heading .elementor-heading-title.elementor-size-medium{font-size:19px}.elementor-widget-heading .elementor-heading-title.elementor-size-large{font-size:29px}.elementor-widget-heading .elementor-heading-title.elementor-size-xl{font-size:39px}.elementor-widget-heading .elementor-heading-title.elementor-size-xxl{font-size:59px}<\/style><h1 class=\"elementor-heading-title elementor-size-default\">Cen\u00edk<\/h1>\t\t<\/div>\n\t\t\t\t<\/div>\n\t\t<\/div><div class=\"elementor-element elementor-element-d67af64 e-container--column e-container\" data-id=\"d67af64\" data-element_type=\"container\">\t\t\t\t<div class=\"elementor-element elementor-element-df7e4aa elementor-widget__width-initial elementor-widget elementor-widget-html\" data-id=\"df7e4aa\" data-element_type=\"widget\" data-widget_type=\"html.default\">\n\t\t\t\t<div class=\"elementor-widget-container\">\n\t\t\t\n<table id=\"tablepress-1\" class=\"tablepress tablepress-id-1\">\n<thead>\n<tr class=\"row-1 odd\">\n\t<th class=\"column-1\">&nbsp;<\/th><th class=\"column-2\">Letn\u00ed sez\u00f3na (1.6. - 31.8.)<\/th><th class=\"column-3\">Zimn\u00ed sez\u00f3na (1.12. - 31.3.)<\/th><th class=\"column-4\">Mimo sez\u00f3na (1.9. - 30.11. a 1.4. - 31.5.)<\/th>\n<\/tr>\n<\/thead>\n<tbody class=\"row-hover\">\n<tr class=\"row-2 even\">\n\t<td class=\"column-1\">Cena za osobu a noc za 1 \u2013 2 dny<br \/>\n<br \/>\nD\u011bti do 12 let<\/td><td class=\"column-2\">380,-<br \/>\n<br \/>\n350,-<\/td><td class=\"column-3\">500,-<br \/>\n<br \/>\n470,-<\/td><td class=\"column-4\">400,-<br \/>\n<br \/>\n380,-<\/td>\n<\/tr>\n<tr class=\"row-3 odd\">\n\t<td class=\"column-1\">Cena za osobu a noc za 3 \u2013 4 dny<br \/>\n<br \/>\nD\u011bti do 12 let<\/td><td class=\"column-2\">370,-<br \/>\n<br \/>\n350,-<\/td><td class=\"column-3\">460,-<br \/>\n<br \/>\n440,-<\/td><td class=\"column-4\">380,-<br \/>\n<br \/>\n350,-<\/td>\n<\/tr>\n<tr class=\"row-4 even\">\n\t<td class=\"column-1\">Cena za osobu na noc za 5 a v\u00edce dn\u00ed<br \/>\n<br \/>\nD\u011bti do 12 let<\/td><td class=\"column-2\">330,-<br \/>\n<br \/>\n300,-<\/td><td class=\"column-3\">430,-<br \/>\n<br \/>\n400,-<\/td><td class=\"column-4\">360,-<br \/>\n<br \/>\n330,-<\/td>\n<\/tr>\n<tr class=\"row-5 odd\">\n\t<td class=\"column-1\">Cena za cel\u00fd objekt na t\u00fdden s \u00faklidem<\/td><td class=\"column-2\">40 000,-<\/td><td class=\"column-3\">49 500,-<\/td><td class=\"column-4\">40 000,-<\/td>\n<\/tr>\n<tr class=\"row-6 even\">\n\t<td class=\"column-1\">Cena za cel\u00fd objekt na v\u00edkend s \u00faklidem<\/td><td class=\"column-2\">16 000,-<\/td><td class=\"column-3\">20 500,-<\/td><td class=\"column-4\">17 000,-<\/td>\n<\/tr>\n<\/tbody>\n<\/table>\n<!-- #tablepress-1 from cache -->\t\t<\/div>\n\t\t\t\t<\/div>\n\t\t<\/div><div class=\"elementor-element elementor-element-ef3d937 e-container--column e-container\" data-id=\"ef3d937\" data-element_type=\"container\">\t\t\t\t<div class=\"elementor-element elementor-element-0ea1859 elementor-widget elementor-widget-html\" data-id=\"0ea1859\" data-element_type=\"widget\" data-widget_type=\"html.default\">\n\t\t\t\t<div class=\"elementor-widget-container\">\n\t\t\t<div class=\"jumbotron\">\n    <p>\n        Ceny jsou platn\u00e9 od 1.9.2025\n    <\/p>\n    <p>\n        Osoby 18+ mus\u00ed zaplatit poplatek pro obec 30K\u010d\/Noc \n    <\/p>\n    <p>\n        Nutn\u00e9 dov\u00e9zt si vlastn\u00ed povle\u010den\u00ed.\n    <\/p>\n    <p>\n        V p\u0159\u00edpad\u011b pron\u00e1jmu cel\u00e9ho objektu bude po vlastn\u00edm \u00faklidu ode\u010dteno z ceny 2000,-\n    <\/p>\n<\/div>\t\t<\/div>\n\t\t\t\t<\/div>\n\t\t<\/div>\t\t\t\t\t<\/div>\n\t\t","protected":false},"excerpt":{"rendered":"<p>Cen\u00edk Ceny jsou platn\u00e9 od 1.9.2025 Osoby 18+ mus\u00ed zaplatit poplatek pro obec 30K\u010d\/Noc Nutn\u00e9 dov\u00e9zt si vlastn\u00ed povle\u010den\u00ed. V p\u0159\u00edpad\u011b pron\u00e1jmu cel\u00e9ho objektu bude po vlastn\u00edm \u00faklidu ode\u010dteno z ceny 2000,-<\/p>\n","protected":false},"author":1,"featured_media":0,"parent":0,"menu_order":0,"comment_status":"closed","ping_status":"closed","template":"elementor_header_footer","meta":{"_monsterinsights_skip_tracking":false,"_monsterinsights_sitenote_active":false,"_monsterinsights_sitenote_note":"","_monsterinsights_sitenote_category":0,"footnotes":""},"class_list":["post-323","page","type-page","status-publish","hentry"],"yoast_head":"<!-- This site is optimized with the Yoast SEO plugin v15.8 - https:\/\/yoast.com\/wordpress\/plugins\/seo\/ -->\n<title>Cen\u00edk - Chata u Smrku<\/title>\n<meta name=\"robots\" content=\"noindex, follow, max-snippet:-1, max-image-preview:large, max-video-preview:-1\" \/>\n<meta property=\"og:locale\" content=\"cs_CZ\" \/>\n<meta property=\"og:type\" content=\"article\" \/>\n<meta property=\"og:title\" content=\"Cen\u00edk - Chata u Smrku\" \/>\n<meta property=\"og:description\" content=\"Cen\u00edk Ceny jsou platn\u00e9 od 1.9.2025 Osoby 18+ mus\u00ed zaplatit poplatek pro obec 30K\u010d\/Noc Nutn\u00e9 dov\u00e9zt si vlastn\u00ed povle\u010den\u00ed. V p\u0159\u00edpad\u011b pron\u00e1jmu cel\u00e9ho objektu bude po vlastn\u00edm \u00faklidu ode\u010dteno z ceny 2000,-\" \/>\n<meta property=\"og:url\" content=\"https:\/\/harrachov.ubytkoholecek.eu\/?page_id=323\" \/>\n<meta property=\"og:site_name\" content=\"Chata u Smrku\" \/>\n<meta property=\"article:modified_time\" content=\"2025-09-19T12:09:35+00:00\" \/>\n<meta name=\"twitter:card\" content=\"summary_large_image\" \/>\n<meta name=\"twitter:label1\" content=\"Odhadovan\u00e1 doba \u010dten\u00ed\">\n\t<meta name=\"twitter:data1\" content=\"1 minuta\">\n<script type=\"application\/ld+json\" class=\"yoast-schema-graph\">{\"@context\":\"https:\/\/schema.org\",\"@graph\":[{\"@type\":\"WebSite\",\"@id\":\"https:\/\/harrachov.ubytkoholecek.eu\/#website\",\"url\":\"https:\/\/harrachov.ubytkoholecek.eu\/\",\"name\":\"Chata u Smrku\",\"description\":\"Ubytov\\u00e1n\\u00ed v Harrachov\\u011b, chata u Smrku, Ly\\u017ea\\u0159sk\\u00e9 st\\u0159edisko, ubytov\\u00e1n\\u00ed v hor\\u00e1ch, levn\\u00fd pobyt, \",\"potentialAction\":[{\"@type\":\"SearchAction\",\"target\":\"https:\/\/harrachov.ubytkoholecek.eu\/?s={search_term_string}\",\"query-input\":\"required name=search_term_string\"}],\"inLanguage\":\"cs\"},{\"@type\":\"WebPage\",\"@id\":\"https:\/\/harrachov.ubytkoholecek.eu\/?page_id=323#webpage\",\"url\":\"https:\/\/harrachov.ubytkoholecek.eu\/?page_id=323\",\"name\":\"Cen\\u00edk - Chata u Smrku\",\"isPartOf\":{\"@id\":\"https:\/\/harrachov.ubytkoholecek.eu\/#website\"},\"datePublished\":\"2022-09-05T07:46:40+00:00\",\"dateModified\":\"2025-09-19T12:09:35+00:00\",\"breadcrumb\":{\"@id\":\"https:\/\/harrachov.ubytkoholecek.eu\/?page_id=323#breadcrumb\"},\"inLanguage\":\"cs\",\"potentialAction\":[{\"@type\":\"ReadAction\",\"target\":[\"https:\/\/harrachov.ubytkoholecek.eu\/?page_id=323\"]}]},{\"@type\":\"BreadcrumbList\",\"@id\":\"https:\/\/harrachov.ubytkoholecek.eu\/?page_id=323#breadcrumb\",\"itemListElement\":[{\"@type\":\"ListItem\",\"position\":1,\"item\":{\"@type\":\"WebPage\",\"@id\":\"https:\/\/harrachov.ubytkoholecek.eu\/\",\"url\":\"https:\/\/harrachov.ubytkoholecek.eu\/\",\"name\":\"Dom\\u016f\"}},{\"@type\":\"ListItem\",\"position\":2,\"item\":{\"@type\":\"WebPage\",\"@id\":\"https:\/\/harrachov.ubytkoholecek.eu\/?page_id=323\",\"url\":\"https:\/\/harrachov.ubytkoholecek.eu\/?page_id=323\",\"name\":\"Cen\\u00edk\"}}]}]}<\/script>\n<!-- \/ Yoast SEO plugin. -->","_links":{"self":[{"href":"https:\/\/harrachov.ubytkoholecek.eu\/index.php?rest_route=\/wp\/v2\/pages\/323","targetHints":{"allow":["GET"]}}],"collection":[{"href":"https:\/\/harrachov.ubytkoholecek.eu\/index.php?rest_route=\/wp\/v2\/pages"}],"about":[{"href":"https:\/\/harrachov.ubytkoholecek.eu\/index.php?rest_route=\/wp\/v2\/types\/page"}],"author":[{"embeddable":true,"href":"https:\/\/harrachov.ubytkoholecek.eu\/index.php?rest_route=\/wp\/v2\/users\/1"}],"replies":[{"embeddable":true,"href":"https:\/\/harrachov.ubytkoholecek.eu\/index.php?rest_route=%2Fwp%2Fv2%2Fcomments&post=323"}],"version-history":[{"count":63,"href":"https:\/\/harrachov.ubytkoholecek.eu\/index.php?rest_route=\/wp\/v2\/pages\/323\/revisions"}],"predecessor-version":[{"id":1242,"href":"https:\/\/harrachov.ubytkoholecek.eu\/index.php?rest_route=\/wp\/v2\/pages\/323\/revisions\/1242"}],"wp:attachment":[{"href":"https:\/\/harrachov.ubytkoholecek.eu\/index.php?rest_route=%2Fwp%2Fv2%2Fmedia&parent=323"}],"curies":[{"name":"wp","href":"https:\/\/api.w.org\/{rel}","templated":true}]}}